{"id":47,"date":"2015-12-15T17:54:42","date_gmt":"2015-12-15T17:54:42","guid":{"rendered":"http:\/\/localhost\/truckpress\/?page_id=47"},"modified":"2024-07-14T04:44:33","modified_gmt":"2024-07-14T01:44:33","slug":"hizmetler","status":"publish","type":"page","link":"https:\/\/makmarinetechnology.com\/index.php\/hizmetler\/","title":{"rendered":"Hizmetler"},"content":{"rendered":"<div class=\"wpb-content-wrapper\"><p>[vc_row css=&#8221;.vc_custom_1454323229598{padding-top: 80px !important;padding-bottom: 50px !important;}&#8221;][vc_column]<div class=\"tp-services \"><div class=\"services-list row\">\n\t\t\t\t\n\t\t\t\t<div class=\"col-md-4 col-sm-4\">\n\t\t\t\t    <div class=\"service-item\">\n                        <div class=\"service-image\">\n                            <a href=\"https:\/\/makmarinetechnology.com\/index.php\/service\/gemi-elektrigi-bakim-ve-onarimi\/\"><img loading=\"lazy\" decoding=\"async\" width=\"210\" height=\"232\" src=\"https:\/\/makmarinetechnology.com\/wp-content\/uploads\/2024\/07\/makmarin34-210x232.png\" class=\"attachment-truckpress-service-thumb size-truckpress-service-thumb wp-post-image\" alt=\"\" \/><\/a>\n                        <\/div>\n                        <h2><a href=\"https:\/\/makmarinetechnology.com\/index.php\/service\/gemi-elektrigi-bakim-ve-onarimi\/\">Gemi elektri\u011fi bak\u0131m ve onar\u0131m\u0131<\/a><\/h2>\n                        <p>D\u00fczenli bak\u0131m, elektrik sistemlerinin uzun \u00f6m\u00fcrl\u00fc olmas\u0131n\u0131 ve beklenmedik ar\u0131zalar\u0131n \u00f6nlenmesini sa\u011flar. D\u00fczenli bak\u0131m a\u015fa\u011f\u0131daki ad\u0131mlar\u0131 i\u00e7erir:<\/p>\n                        <a href=\"https:\/\/makmarinetechnology.com\/index.php\/service\/gemi-elektrigi-bakim-ve-onarimi\/\" class=\"btn btn-primary\">Read More<\/a>\n\n\t\t\t\t\t<\/div>\n                <\/div>\n\t\t\t\t\n\t\t\t\t<div class=\"col-md-4 col-sm-4\">\n\t\t\t\t    <div class=\"service-item\">\n                        <div class=\"service-image\">\n                            <a href=\"https:\/\/makmarinetechnology.com\/index.php\/service\/plc-arizasi\/\"><img loading=\"lazy\" decoding=\"async\" width=\"188\" height=\"232\" src=\"https:\/\/makmarinetechnology.com\/wp-content\/uploads\/2024\/07\/2-188x232.png\" class=\"attachment-truckpress-service-thumb size-truckpress-service-thumb wp-post-image\" alt=\"\" \/><\/a>\n                        <\/div>\n                        <h2><a href=\"https:\/\/makmarinetechnology.com\/index.php\/service\/plc-arizasi\/\">PLC Ar\u0131zas\u0131<\/a><\/h2>\n                        <p>[vc_row_inner][vc_column_inner el_class=&#8221;service-info&#8221;][vc_wp_text title=&#8221;PLC Ar\u0131zas\u0131&#8221;] Gemi elektri\u011finde Programlanabilir Lojik Kontrol\u00f6r (PLC) ar\u0131zalar\u0131, geminin otomasyon sistemlerinde \u00f6nemli aksamalara yol a\u00e7abilir. PLC&#8217;ler, gemideki \u00e7e\u015fitli sistemlerin otomatik kontrol\u00fcn\u00fc sa\u011flad\u0131klar\u0131 i\u00e7in, bu t\u00fcr ar\u0131zalar\u0131n h\u0131zl\u0131&hellip;<\/p>\n                        <a href=\"https:\/\/makmarinetechnology.com\/index.php\/service\/plc-arizasi\/\" class=\"btn btn-primary\">Read More<\/a>\n\n\t\t\t\t\t<\/div>\n                <\/div>\n\t\t\t\t\n\t\t\t\t<div class=\"col-md-4 col-sm-4\">\n\t\t\t\t    <div class=\"service-item\">\n                        <div class=\"service-image\">\n                            <a href=\"https:\/\/makmarinetechnology.com\/index.php\/service\/kablolama\/\"><img loading=\"lazy\" decoding=\"async\" width=\"370\" height=\"232\" src=\"https:\/\/makmarinetechnology.com\/wp-content\/uploads\/2015\/12\/094b26ab-928d-46a8-b8ba-31c8e79db15b-370x232.jpg\" class=\"attachment-truckpress-service-thumb size-truckpress-service-thumb wp-post-image\" alt=\"\" \/><\/a>\n                        <\/div>\n                        <h2><a href=\"https:\/\/makmarinetechnology.com\/index.php\/service\/kablolama\/\">Kablolama<\/a><\/h2>\n                        <p>[vc_row_inner][vc_column_inner el_class=&#8221;service-info&#8221;][vc_wp_text title=&#8221;Kablolama&#8221;] Gemi elektri\u011finde kablolama, geminin t\u00fcm elektrik sistemlerinin g\u00fcvenli ve verimli \u00e7al\u0131\u015fmas\u0131n\u0131 sa\u011flamak i\u00e7in kritik bir rol oynar. Gemiye \u00f6zg\u00fc zorlu \u00e7evre ko\u015fullar\u0131 ve g\u00fcvenlik gereksinimleri nedeniyle, kablolama&hellip;<\/p>\n                        <a href=\"https:\/\/makmarinetechnology.com\/index.php\/service\/kablolama\/\" class=\"btn btn-primary\">Read More<\/a>\n\n\t\t\t\t\t<\/div>\n                <\/div>\n\t\t\t\t<div class=\"clearfix\"><\/div>\n\t\t\t\t<div class=\"col-md-4 col-sm-4\">\n\t\t\t\t    <div class=\"service-item\">\n                        <div class=\"service-image\">\n                            <a href=\"https:\/\/makmarinetechnology.com\/index.php\/service\/baglanti-isleri\/\"><img loading=\"lazy\" decoding=\"async\" width=\"370\" height=\"232\" src=\"https:\/\/makmarinetechnology.com\/wp-content\/uploads\/2014\/12\/WhatsApp-Image-2024-07-04-at-01.02.31-1-370x232.jpeg\" class=\"attachment-truckpress-service-thumb size-truckpress-service-thumb wp-post-image\" alt=\"\" \/><\/a>\n                        <\/div>\n                        <h2><a href=\"https:\/\/makmarinetechnology.com\/index.php\/service\/baglanti-isleri\/\">Ba\u011flant\u0131 \u0130\u015fleri<\/a><\/h2>\n                        <p>\u00a0 [vc_row_inner][vc_column_inner el_class=&#8221;service-info&#8221;][vc_wp_text title=&#8221;Ba\u011flant\u0131 \u0130\u015fleri&#8221;] Gemi elektri\u011finde ba\u011flant\u0131 i\u015fleri, geminin elektrik sistemlerinin g\u00fcvenli, verimli ve kesintisiz bir \u015fekilde \u00e7al\u0131\u015fmas\u0131n\u0131 sa\u011flamak i\u00e7in hayati \u00f6neme sahiptir. Ba\u011flant\u0131 i\u015fleri, g\u00fc\u00e7 da\u011f\u0131t\u0131m\u0131, kontrol sistemleri&hellip;<\/p>\n                        <a href=\"https:\/\/makmarinetechnology.com\/index.php\/service\/baglanti-isleri\/\" class=\"btn btn-primary\">Read More<\/a>\n\n\t\t\t\t\t<\/div>\n                <\/div><\/div><\/div>[\/vc_column][\/vc_row][vc_row css=&#8221;.vc_custom_1456285920352{padding-top: 70px !important;padding-bottom: 80px !important;}&#8221;][vc_column]<div class=\"lp-heading  text-center \">\n                <h4>REFERANSLAR<\/h4>\n                <div class=\"border\"><\/div>\n            <\/div>[vc_row_inner][vc_column_inner width=&#8221;1\/4&#8243; css=&#8221;.vc_custom_1450896187264{padding-top: 25px !important;}&#8221;]<div class=\"tp-client \"><img decoding=\"async\" src=\"https:\/\/makmarinetechnology.com\/wp-content\/uploads\/2024\/07\/UZMAR.png\" alt=\"2555\"> <\/div><div class=\"tp-client \"><img decoding=\"async\" src=\"https:\/\/makmarinetechnology.com\/wp-content\/uploads\/2024\/07\/ACTA.png\" alt=\"2551\"> <\/div>[\/vc_column_inner][vc_column_inner width=&#8221;1\/4&#8243; css=&#8221;.vc_custom_1450896191052{padding-top: 25px !important;}&#8221;]<div class=\"tp-client \"><img decoding=\"async\" src=\"https:\/\/makmarinetechnology.com\/wp-content\/uploads\/2024\/07\/TERSAN.png\" alt=\"2554\"> <\/div><div class=\"tp-client \"> <\/div>[\/vc_column_inner][vc_column_inner width=&#8221;1\/4&#8243; css=&#8221;.vc_custom_1450896194886{padding-top: 25px !important;}&#8221;]<div class=\"tp-client \"><img decoding=\"async\" src=\"https:\/\/makmarinetechnology.com\/wp-content\/uploads\/2024\/07\/RMK3.png\" alt=\"2557\"> <\/div><div class=\"tp-client \"> <\/div>[\/vc_column_inner][vc_column_inner width=&#8221;1\/4&#8243; css=&#8221;.vc_custom_1450896198582{padding-top: 25px !important;}&#8221;]<div class=\"tp-client \"><img decoding=\"async\" src=\"https:\/\/makmarinetechnology.com\/wp-content\/uploads\/2024\/07\/FJOR.png\" alt=\"2552\"> <\/div><div class=\"tp-client \"> <\/div>[\/vc_column_inner][\/vc_row_inner][\/vc_column][\/vc_row]<\/p>\n<\/div>","protected":false},"excerpt":{"rendered":"<p>[vc_row css=&#8221;.vc_custom_1454323229598{padding-top: 80px !important;padding-bottom: 50px !important;}&#8221;][vc_column][\/vc_column][\/vc_row][vc_row css=&#8221;.vc_custom_1456285920352{padding-top: 70px !important;padding-bottom: 80px !important;}&#8221;][vc_column][vc_row_inner][vc_column_inner width=&#8221;1\/4&#8243; css=&#8221;.vc_custom_1450896187264{padding-top: 25px !important;}&#8221;][\/vc_column_inner][vc_column_inner width=&#8221;1\/4&#8243; css=&#8221;.vc_custom_1450896191052{padding-top: 25px !important;}&#8221;][\/vc_column_inner][vc_column_inner width=&#8221;1\/4&#8243; css=&#8221;.vc_custom_1450896194886{padding-top: 25px !important;}&#8221;][\/vc_column_inner][vc_column_inner width=&#8221;1\/4&#8243; css=&#8221;.vc_custom_1450896198582{padding-top: 25px !important;}&#8221;][\/vc_column_inner][\/vc_row_inner][\/vc_column][\/vc_row]<\/p>\n","protected":false},"author":1,"featured_media":0,"parent":0,"menu_order":0,"comment_status":"closed","ping_status":"closed","template":"template-full-width.php","meta":{"footnotes":""},"class_list":["post-47","page","type-page","status-publish","hentry"],"_links":{"self":[{"href":"https:\/\/makmarinetechnology.com\/index.php\/wp-json\/wp\/v2\/pages\/47","targetHints":{"allow":["GET"]}}],"collection":[{"href":"https:\/\/makmarinetechnology.com\/index.php\/wp-json\/wp\/v2\/pages"}],"about":[{"href":"https:\/\/makmarinetechnology.com\/index.php\/wp-json\/wp\/v2\/types\/page"}],"author":[{"embeddable":true,"href":"https:\/\/makmarinetechnology.com\/index.php\/wp-json\/wp\/v2\/users\/1"}],"replies":[{"embeddable":true,"href":"https:\/\/makmarinetechnology.com\/index.php\/wp-json\/wp\/v2\/comments?post=47"}],"version-history":[{"count":5,"href":"https:\/\/makmarinetechnology.com\/index.php\/wp-json\/wp\/v2\/pages\/47\/revisions"}],"predecessor-version":[{"id":2565,"href":"https:\/\/makmarinetechnology.com\/index.php\/wp-json\/wp\/v2\/pages\/47\/revisions\/2565"}],"wp:attachment":[{"href":"https:\/\/makmarinetechnology.com\/index.php\/wp-json\/wp\/v2\/media?parent=47"}],"curies":[{"name":"wp","href":"https:\/\/api.w.org\/{rel}","templated":true}]}}